{"version":"1.0","provider_name":"Hotel Alpenklang","provider_url":"https:\/\/www.alpenklang.info\/at\/","author_name":"AlpKlangRohr21","author_url":"https:\/\/www.alpenklang.info\/at\/author\/alpklangrohr21\/","title":"Wander Saisonstart - Hotel Alpenklang","type":"rich","width":600,"height":338,"html":"<blockquote class=\"wp-embedded-content\" data-secret=\"P3b5w8pp2Q\"><a href=\"https:\/\/www.alpenklang.info\/at\/wander-saisonstart\/\">Wander Saisonstart<\/a><\/blockquote><iframe sandbox=\"allow-scripts\" security=\"restricted\" src=\"https:\/\/www.alpenklang.info\/at\/wander-saisonstart\/embed\/#?secret=P3b5w8pp2Q\" width=\"600\" height=\"338\" title=\"&#8220;Wander Saisonstart&#8221; &#8212; Hotel Alpenklang\" data-secret=\"P3b5w8pp2Q\" frameborder=\"0\" marginwidth=\"0\" marginheight=\"0\" scrolling=\"no\" class=\"wp-embedded-content\"><\/iframe><script>\n\/*! This file is auto-generated *\/\n!function(d,l){\"use strict\";l.querySelector&&d.addEventListener&&\"undefined\"!=typeof URL&&(d.wp=d.wp||{},d.wp.receiveEmbedMessage||(d.wp.receiveEmbedMessage=function(e){var t=e.data;if((t||t.secret||t.message||t.value)&&!\/[^a-zA-Z0-9]\/.test(t.secret)){for(var s,r,n,a=l.querySelectorAll('iframe[data-secret=\"'+t.secret+'\"]'),o=l.querySelectorAll('blockquote[data-secret=\"'+t.secret+'\"]'),c=new RegExp(\"^https?:$\",\"i\"),i=0;i<o.length;i++)o[i].style.display=\"none\";for(i=0;i<a.length;i++)s=a[i],e.source===s.contentWindow&&(s.removeAttribute(\"style\"),\"height\"===t.message?(1e3<(r=parseInt(t.value,10))?r=1e3:~~r<200&&(r=200),s.height=r):\"link\"===t.message&&(r=new URL(s.getAttribute(\"src\")),n=new URL(t.value),c.test(n.protocol))&&n.host===r.host&&l.activeElement===s&&(d.top.location.href=t.value))}},d.addEventListener(\"message\",d.wp.receiveEmbedMessage,!1),l.addEventListener(\"DOMContentLoaded\",function(){for(var e,t,s=l.querySelectorAll(\"iframe.wp-embedded-content\"),r=0;r<s.length;r++)(t=(e=s[r]).getAttribute(\"data-secret\"))||(t=Math.random().toString(36).substring(2,12),e.src+=\"#?secret=\"+t,e.setAttribute(\"data-secret\",t)),e.contentWindow.postMessage({message:\"ready\",secret:t},\"*\")},!1)))}(window,document);\n\/\/# sourceURL=https:\/\/www.alpenklang.info\/wp-includes\/js\/wp-embed.min.js\n<\/script>\n","description":"Ab morgen den 24. Mai starten wir wieder in die Wander Saison.Im Gro\u00dfarltal sind ab Donnerstag schon mehr als 10 Almh\u00fctten ge\u00f6ffnet. Unter anderem die Mooslehenalm und Niggeltalalm oberhalb vom Hotel Alpenklang. Auch unser Restaurant hat ab Donnerstag wieder offen und unser K\u00fcchenchef Roland verw\u00f6hnt Sie mit frischen Fr\u00fchlings-Gerichten. Wir freuen uns auf einen sch\u00f6nen &hellip;","thumbnail_url":"https:\/\/www.alpenklang.info\/wp-content\/uploads\/img_3840-1.jpg","thumbnail_width":1000,"thumbnail_height":1334}

Ab morgen den 24. Mai starten wir wieder in die Wander Saison.Im Großarltal sind ab Donnerstag schon mehr als 10 Almhütten geöffnet. Unter anderem die Mooslehenalm und Niggeltalalm oberhalb vom Hotel Alpenklang. Auch unser Restaurant hat ab Donnerstag wieder offen und unser Küchenchef Roland verwöhnt Sie mit frischen Frühlings-Gerichten. Wir freuen uns auf einen schönen &hellip;
